 -14?
-254
In base 6, what is -1 + -421?
-422
In base 14, what is 1 - 13d?
-13c
In base 9, what is 11 - 87?
-76
In base 8, what is -1752 + 6?
-1744
In base 15, what is 29d - 2?
29b
In base 9, what is -4 - 3564?
-3568
In base 5, what is -2 - 3210?
-3212
In base 12, what is 1 - -41?
42
In base 10, what is 0 - 66?
-66
In base 4, what is -11 + 10?
-1
In base 16, what is -621 + -3?
-624
In base 9, what is -3 + 24?
21
In base 16, what is -625 + -d?
-632
In base 14, what is 18 + 87?
a1
In base 7, what is 44 - -2?
46
In base 2, what is 10 - -111001110?
111010000
In base 3, what is 0 - -112001?
112001
In base 4, what is 203232 - 3?
203223
In base 10, what is -3989 + 1?
-3988
In base 10, what is 3 + -892?
-889
In base 5, what is -14 - 311?
-330
In base 15, what is -a0 - -1?
-9e
In base 3, what is -1011 + 221?
-20
In base 3, what is 20 + -101?
-11
In base 12, what is -2 + 154?
152
In base 5, what is -12 - 124?
-141
In base 8, what is 24 - 20?
4
In base 5, what is 1134 - -2?
1141
In base 4, what is -12 - 2?
-20
In base 10, what is 3 - 57?
-54
In base 8, what is -13 + 220?
205
In base 10, what is -9 - 2?
-11
In base 3, what is -12 + 102001?
101212
In base 16, what is -22 - 3?
-25
In base 8, what is 24 - 520?
-474
In base 13, what is -a9 - -1?
-a8
In base 16, what is -33f - -5?
-33a
In base 5, what is 2014 - -2?
2021
In base 4, what is 121 - 12?
103
In base 12, what is 4 - 27a?
-276
In base 8, what is 64 - 144?
-60
In base 12, what is -3 - -60?
59
In base 12, what is -5 - 14?
-19
In base 5, what is 102 - -13?
120
In base 3, what is -2000 + 11?
-1212
In base 2, what is 11 - -1111?
10010
In base 3, what is -1 - -1210121?
1210120
In base 6, what is -140 - 0?
-140
In base 8, what is 0 + -151?
-151
In base 5, what is 34 + 0?
34
In base 13, what is -11 + -85?
-96
In base 10, what is -20 + 14?
-6
In base 6, what is -552 - -5?
-543
In base 3, what is 121002 + -11?
120221
In base 13, what is -309 + -2?
-30b
In base 8, what is 1657 + -4?
1653
In base 12, what is 376 - 1?
375
In base 12, what is 2aa - -2?
2b0
In base 14, what is 0 - 8d?
-8d
In base 10, what is 4 + -73?
-69
In base 5, what is -1003314 + 0?
-1003314
In base 11, what is -225 - -3?
-222
In base 5, what is -4 + -44?
-103
In base 10, what is -5 - -1470?
1465
In base 3, what is 11 - -1022101?
1022112
In base 15, what is 19 - -6?
20
In base 9, what is -11 + -114?
-125
In base 2, what is -11 - -101110100?
101110001
In base 9, what is 5 - 414?
-408
In base 5, what is 2 - -30?
32
In base 5, what is -33 - -2432?
2344
In base 12, what is -118 + -5?
-121
In base 6, what is 2 - 12?
-10
In base 4, what is 10 + 121?
131
In base 2, what is 11 - 11101010?
-11100111
In base 9, what is -6 + 5?
-1
In base 13, what is 2675 + -5?
2670
In base 2, what is -110101 + 100?
-110001
In base 5, what is 411 + 34?
1000
In base 14, what is 11b - 4?
117
In base 15, what is 1 - -86?
87
In base 3, what is 0 - -1020210?
1020210
In base 14, what is 9 - 2?
7
In base 9, what is 26 + 22?
48
In base 15, what is -23 + c9?
a6
In base 11, what is -7 - -12?
6
In base 2, what is 11 + -1101000?
-1100101
In base 15, what is 4 + 1de3?
1de7
In base 14, what is 4 - 11d?
-119
In base 14, what is 0 - -47?
47
In base 4, what is 1310 + -13?
1231
In base 11, what is -9 - 96?
-a4
In base 4, what is -1003 - 10?
-1013
In base 11, what is 158 + -1?
157
In base 4, what is 211 - 3?
202
In base 13, what is 2 + -34?
-32
In base 16, what is -4e + -3?
-51
In base 5, what is 10 + -22?
-12
In base 9, what is 53 - 5?
47
In base 10, what is -37 + -492?
-529
In base 15, what is 1a0 - 14?
18b
In base 14, what is -a1 + 4?
-9b
In base 5, what is 41210 - -4?
41214
In base 13, what is 4696 + -5?
4691
In base 4, what is -3001 - 3?
-3010
In base 11, what is 264 + -20?
244
In base 13, what is 18a + 4?
191
In base 10, what is 5 + 98?
103
In base 3, what is 20 - 1?
12
In base 4, what is -103021 - 1?
-103022
In base 2, what is -10 + 10110111?
10110101
In base 14, what is 8 - 1d?
-15
In base 16, what is -a4 - 5?
-a9
In base 10, what is 7470 - -4?
7474
In base 4, what is 103000 - -11?
103011
In base 14, what is -69 + 3?
-66
In base 10, what is -39 + 11?
-28
In base 7, what is -2 + 106?
104
In base 7, what is 5 + -263?
-255
In base 14, what is 0 + 6a0?
6a0
In base 8, what is 2 - 7?
-5
In base 7, what is -1 - 4451?
-4452
In base 13, what is 43 + 0?
43
In base 3, what is 10122 - -2?
10201
In base 4, what is 11 + -20003?
-13332
In base 14, what is -44 - 2?
-46
In base 10, what is 2866 + -4?
2862
In base 8, what is 475 + 21?
516
In base 10, what is 45 + 153?
198
In base 6, what is -3 + 13101?
13054
In base 8, what is 34714 - 1?
34713
In base 6, what is 5 + 1053?
1102
In base 4, what is 1 + -1113?
-1112
In base 10, what is -14427 - -1?
-14426
In base 14, what is 2c + 6?
34
In base 7, what is 1011 + 4?
1015
In base 4, what is -1213 + 1?
-1212
In base 15, what is 1dc + 0?
1dc
In base 10, what is 685 - 3?
682
In base 7, what is 3 + -1412?
-1406
In base 14, what is 93 - b?
86
In base 10, what is 3 - -299?
302
In base 11, what is -6 - 112?
-118
In base 10, what is 5 - 9?
-4
In base 5, what is -4 + -12330?
-12334
In base 2, what is 100100111111101 - 101?
100100111111000
In base 12, what is -4 + 79?
75
In base 9, what is 4 - -3?
7
In base 5, what is 201420 + 4?
201424
In base 16, what is -a - -29?
1f
In base 7, what is -61650 - 1?
-61651
In base 11, what is 4 + 120a?
1213
In base 13, what is -2 - -63?
61
In base 3, what is -112 - 20012?
-20201
In base 2, what is 0 + 111100010110?
111100010110
In base 12, what is 2 + -58?
-56
In base 7, what is 21 + 12?
33
In base 3, what is -1 + 120?
112
In base 15, what is 331 + -3?
32d
In base 8, what is -11 + 116?
105
In base 14, what is -35a + 9?
-351
In base 4, what is 13 - -2?
21
In base 10, what is -6 + 39?
33
In base 8, what is 3 - 166?
-163
In base 13, what is -1c7 + 11?
-1b6
In base 5, what is -10 + 3213?
3203
In base 9, what is -263 + -4?
-267
In base 4, what is 2022 - -33?
2121
In base 9, what is 100 - 0?
100
In base 5, what is -1 - -22141?
22140
In base 6, what is -1131 - 1?
-1132
In base 3, what is -12 + -101?
-120
In base 3, what is -1 - -210110?
210102
In base 14, what is -7a - 30?
-aa
In base 14, what is -61 + 2?
-5d
In base 14, what is 4a + 2a?
76
In base 14, what is -56 - 4?
-5a
In base 5, what is -4013 - -11?
-4002
In base 9, what is 5 + 17?
23
In base 5, what is 122 + -43?
24
In base 16, what is 10e + 1?
10f
In base 9, what is 5030 - 1?
5028
In base 10, what is 604 - 4?
600
In base 13, what is -8b - -68?
-23
In base 13, what is 68 - 2?
66
In base 15, what is -b - -d2?
c6
In base 4, what is -1020 - 231?
-1311
In base 8, what is -20 + 1212?
1172
In base 6, what is -310 - 0?
-310
In base 5, what is 2 + 4430?
4432
In base 3, what is -12 + 22122?
22110
In base 3, what is 10102201 - 2?
10102122
In base 9, what is -2 - -1615?
1613
In base 3, what is 20 + 11?
101
In base 6, what is -12 + 1?
-11
In base 9, what is -61 - 1?
-62
In base 8, what is -4 - 6?
-12
In base 6, what is 1321 - 1?
1320
In base 6, what is 41020 + -2?
41014
In base 16, what is 9e8 - -5?
9ed
In base 15, what is 3 - 86?
-83
In base 5, what is 4432 - 10?
4422
In base 14, what is -5c4a - -1?
-5c49
In base 5, what is -4241 + -13?
-4304
In base 6, what is 22 - -12?
34
In base 3, what is -12 - -2?
-10
In base 5, what is 10 + 112012?
112022
In base 5, what is -2 - -12422?
12420
In base 6, what is -45 + -24?
-113
In base 10, what is 4 + 11?
15
In base 12, what is 227 - 2a?
1b9
In base 4, what is -11 + -211?
-222
In base 6, what is -34 + -11?
-45
In base 12, what is 145 + 8?
151
In base 5, what is -121140 + 4?
-121131
In base 2, what is -101 - -10011010?
10010101
In base 5, what is 0 + -1443?
-1443
In base 5, what is 40141 + 3?
40144
In base 12, what is 1 - 212a?
-2129
In base 10, what is 7 - 1?
6
In base 6, what is -2 - 51?
-53
In base 11, what is 24285 - 2?
24283
In base 13, what is 9c6 + 1?
9c7
In base 11, what is 18846 + -1?
18845
In base 7, what is 151 + 211?
362
In base 11, what is 72 + 3?
75
In base 12, what is 203 - -4?
207
In base 13, what is 6b - 4?
67
In base 15, what is 5 + -a?
-5
In base 4, what is 10 - -310?
320
In base 11, what is 1 + 181?
182
In base 10, what is 5 + -90?
-85
In base 15, what is -1 - -269?
268
In base 10, what is -11441 + 0?
-11441
In base 13, what is -489 +